1
In base 7, what is -4 + 2226?
2222
In base 9, what is 66 - 43?
23
In base 5, what is 1224 + -22?
1202
In base 6, what is -4151 - -4?
-4143
In base 11, what is -9a1 - 13?
-a04
In base 7, what is -550 - -5?
-542
In base 6, what is 1501 + 4?
1505
In base 3, what is -20 + 0?
-20
In base 16, what is -151 + -14?
-165
In base 14, what is 398 + 0?
398
In base 11, what is -4 + 5213?
520a
In base 3, what is -10 + 22120?
22110
In base 14, what is 5 - -72a?
731
In base 12, what is -5 + -141?
-146
In base 14, what is -1368 - -4?
-1364
In base 9, what is 5 + 223?
228
In base 3, what is 12 + -20?
-1
In base 16, what is -1 + 10?
f
In base 13, what is 458 + -2?
456
In base 4, what is -312 + -31?
-1003
In base 7, what is 66 - -6?
105
In base 10, what is 374 - 1?
373
In base 11, what is -23 + -8?
-30
In base 14, what is -8a - -2?
-88
In base 15, what is -2 - a79?
-a7b
In base 15, what is -77 - -4?
-73
In base 15, what is 0 - 1b?
-1b
In base 16, what is -2 - b4?
-b6
In base 4, what is -130231 - -10?
-130221
In base 3, what is -10 - -202?
122
In base 10, what is 2 - -60?
62
In base 4, what is -1013 + 1?
-1012
In base 15, what is 3 + 54?
57
In base 11, what is -4 - 149?
-152
In base 15, what is -1c + 34?
17
In base 12, what is 18 - 37?
-1b
In base 12, what is 104 - -5?
109
In base 9, what is -1181 - -8?
-1172
In base 10, what is -1 + 16?
15
In base 11, what is -7 - -26?
1a
In base 7, what is 33 + 1?
34
In base 4, what is -2210 - -1?
-2203
In base 16, what is c + 7a?
86
In base 4, what is 111 - 3122?
-3011
In base 9, what is 4 + -4554?
-4550
In base 5, what is 123112 + -3?
123104
In base 7, what is -1 - -2304?
2303
In base 16, what is -93 - 1e?
-b1
In base 12, what is -63b7 + 3?
-63b4
In base 4, what is -3 + 1331?
1322
In base 5, what is -21 + 2120?
2044
In base 12, what is 0 - -16?
16
In base 12, what is 7b - -9a?
159
In base 14, what is -6 - 2d?
-35
In base 10, what is -600 + 5?
-595
In base 8, what is -323 - 4?
-327
In base 7, what is -52 + 4?
-45
In base 4, what is 1013 - -300?
1313
In base 14, what is -5 + 80?
79
In base 10, what is -89 - -20?
-69
In base 10, what is 876 - 2?
874
In base 15, what is -1c + -d1?
-ed
In base 10, what is 21 - 52?
-31
In base 10, what is -1 - -320?
319
In base 8, what is 171 - 66?
103
In base 16, what is -4 + 15?
11
In base 15, what is 4 + 19c?
1a1
In base 7, what is 343 + 4?
350
In base 15, what is -24 - 43?
-67
In base 3, what is 11 + 21?
102
In base 13, what is -177b + -3?
-1781
In base 14, what is 2 - -5?
7
In base 4, what is -22 - 30?
-112
In base 9, what is -6 - 14?
-21
In base 5, what is -120 + 14?
-101
In base 14, what is 266 - -5?
26b
In base 11, what is -125 - -1?
-124
In base 14, what is -2 + 15?
13
In base 5, what is -40 + -11?
-101
In base 12, what is -340 + 2?
-33a
In base 7, what is -43 - 2?
-45
In base 12, what is -7 - -167?
160
In base 10, what is -1442 - -1?
-1441
In base 12, what is a57 + -2?
a55
In base 9, what is -202 + 3?
-188
In base 2, what is 1101011 + -101?
1100110
In base 15, what is 6d - a?
63
In base 4, what is -3 - 1332?
-2001
In base 13, what is -41 - 6?
-47
In base 10, what is -66 - -1?
-65
In base 2, what is 110000 + 10?
110010
In base 15, what is -104 + 1c?
-d7
In base 4, what is -3 - 11123?
-11132
In base 3, what is 20221 - 2?
20212
In base 14, what is 0 + -b?
-b
In base 7, what is 0 + 10?
10
In base 6, what is -1 + -11014?
-11015
In base 7, what is 4 + 15?
22
In base 7, what is -5 + -153?
-161
In base 5, what is -4 + -14220?
-14224
In base 3, what is 11121 + -2?
11112
In base 13, what is ac - 51?
5b
In base 6, what is 3 - -2532?
2535
In base 12, what is -6 + 313?
309
In base 16, what is -83 - -a?
-79
In base 8, what is -7 + 5?
-2
In base 12, what is 68 + 8?
74
In base 13, what is -5 + -29?
-31
In base 13, what is 8c + 0?
8c
In base 10, what is 2 + 925?
927
In base 10, what is 56 - -3?
59
In base 5, what is -11124 + -20?
-11144
In base 11, what is 15 + 4?
19
In base 2, what is 100 - -110101?
111001
In base 11, what is 1a710 - 2?
1a709
In base 16, what is -2 + -f1?
-f3
In base 14, what is 72 + 1?
73
In base 2, what is 100000 + -1100?
10100
In base 2, what is 101100 - 10?
101010
In base 12, what is -8 + -5?
-11
In base 16, what is -90d + 1?
-90c
In base 4, what is -10111 + -13?
-10130
In base 3, what is -20021 + -11?
-20102
In base 15, what is -37a - 2?
-37c
In base 6, what is -2 - 41144?
-41150
In base 6, what is -354 + 535?
141
In base 12, what is -259 - 3?
-260
In base 6, what is 25 - 1?
24
In base 10, what is -5 - 1714?
-1719
In base 11, what is 50 - 74?
-24
In base 2, what is -1001 + 1100?
11
In base 9, what is 21 - 40?
-18
In base 9, what is 0 - 120?
-120
In base 13, what is -1916a + -4?
-19171
In base 6, what is -1 + -3341?
-3342
In base 6, what is -4 + 21430?
21422
In base 13, what is -12 - -35?
23
In base 2, what is 110000 + 10101000?
11011000
In base 9, what is -4 + 334?
330
In base 2, what is -100 + 11000?
10100
In base 14, what is 61 - -6?
67
In base 16, what is 13b - -e?
149
In base 4, what is 3 - -223?
232
In base 2, what is 110 + -111000?
-110010
In base 4, what is 31 + -1131?
-1100
In base 2, what is -1010010 + -1010?
-1011100
In base 2, what is 101 - -10011001?
10011110
In base 8, what is 4 + -5452?
-5446
In base 15, what is -4 + -1d29?
-1d2d
In base 16, what is -4 - c?
-10
In base 8, what is -33 - -17?
-14
In base 14, what is -42 - -162?
120
In base 13, what is 7 - 14?
-a
In base 10, what is 5 - 21?
-16
In base 15, what is -1 - -239?
238
In base 5, what is 4 - -44033?
44042
In base 9, what is 3 + 18?
22
In base 7, what is 5 + 33?
41
In base 7, what is 24611 + -5?
24603
In base 16, what is 14fe - -3?
1501
In base 14, what is 6 + 409?
411
In base 15, what is 1ca + 4?
1ce
In base 12, what is -47 + 1?
-46
In base 16, what is -7 - -974?
96d
In base 15, what is 6 + -7e9?
-7e3
In base 8, what is 71 + -26?
43
In base 2, what is 100 - 1100010110?
-1100010010
In base 5, what is -120023 - 1?
-120024
In base 10, what is -5762 - -1?
-5761
In base 5, what is 0 - 112023?
-112023
In base 2, what is -1100 + -10011000110?
-10011010010
In base 15, what is 2 - -b9?
bb
In base 8, what is 15 + 6?
23
In base 2, what is -101101001 + 10001?
-101011000
In base 6, what is 22 - 43?
-21
In base 12, what is -a - 77b?
-789
In base 3, what is 12 + -222120?
-222101
In base 7, what is 61 - 30?
31
In base 3, what is -101212 - -10?
-101202
In base 16, what is -138 - -1?
-137
In base 15, what is 1 + c?
d
In base 15, what is 1d8 + -2?
1d6
In base 15, what is a72 + 2?
a74
In base 9, what is 2 - 487?
-485
In base 4, what is -3 - -3300?
3231
In base 9, what is 5 - -22?
27
In base 12, what is 28a - b?
27b
In base 3, what is -12122 + 102?
-12020
In base 4, what is -2 + -300?
-302
In base 13, what is -153a - -5?
-1535
In base 11, what is -1 + 11a8?
11a7
In base 12, what is 5a2 - 2?
5a0
In base 2, what is 100 + 1011001111?
1011010011
In base 15, what is -3 - -192?
18e
In base 15, what is -42ec + 5?
-42e7
In base 5, what is 1111 - -121?
1232
In base 5, what is 1310 - 4?
1301
In base 15, what is 45 + b?
51
In base 14, what is 2d91 + 4?
2d95
In base 14, what is -3 + 672?
66d
In base 14, what is 4 + -d0?
-ca
In base 5, what is -321 - -1403?
1032
In base 5, what is -10 + 4344?
4334
In base 5, what is -210 - 10?
-220
In base 13, what is -b15 + 5?
-b10
In base 3, what is 1222 - -211?
2210
In base 8, what is 7 + 2301?
2310
In base 16, what is -1 + 2e?
2d
In base 3, what is -1011200 + -11?
-1011211
In base 9, what is 17274 - -2?
17276
In base 15, what is -459d - -3?
-459a
In base 11, what is 4 + -902?
-8a9
In base 16, what is 2e + -a9?
-7b
In base 6, what is 12434 - 2?
12432
In base 8, what is 37 - -2?
41
In base 13, what is -1 - -50b?
50a
In base 2, what is -101 - 110000?
-110101
In base 15, what is b - 11e?
-113
In base 15, what is 1 + -5?
-4
In base 16, what is 22 - -22?
44
In base 10, what is 4 + 94?
98
In base 14, what is -4 - 583?
-587
In base 4, what is -1 - -1310?
1303
In base 5, what is 3 + -12032?
-12024
In base 3, what is 10210 - -12122?
100102
In base 6, what is 435 - 4?
431
In base 3, what is -11 + -10122?
-10210
In base 9, what is 1828 - -3?
1832
In base 4, what is 20 - 202103?
-202023
In base 10, what is 34 + 4?
38
In base 10, what is -2 - 151?
-153
In base 5, what is 2002 + 31?
2033
In base 4, what is -2 - 2031?
